8 is divided by 180.
18
What is the remainder when 693903 is divided by 308?
287
Calculate the remainder when 339711 is divided by 466.
463
What is the remainder when 5714 is divided by 114?
14
Calculate the remainder when 8026 is divided by 203.
109
What is the remainder when 21651 is divided by 59?
57
What is the remainder when 1666 is divided by 201?
58
What is the remainder when 39397 is divided by 45?
22
Calculate the remainder when 46551 is divided by 36.
3
What is the remainder when 165936 is divided by 18437?
3
What is the remainder when 120890 is divided by 235?
100
What is the remainder when 1957 is divided by 85?
2
Calculate the remainder when 2467 is divided by 625.
592
Calculate the remainder when 602128 is divided by 43.
42
What is the remainder when 5579 is divided by 5554?
25
Calculate the remainder when 21721 is divided by 178.
5
What is the remainder when 16586 is divided by 19?
18
Calculate the remainder when 6286 is divided by 759.
214
What is the remainder when 157 is divided by 121?
36
What is the remainder when 854526 is divided by 401?
396
Calculate the remainder when 4283 is divided by 239.
220
Calculate the remainder when 651 is divided by 24.
3
Calculate the remainder when 136 is divided by 83.
53
Calculate the remainder when 34204 is divided by 3109.
5
What is the remainder when 83093 is divided by 136?
133
What is the remainder when 172141 is divided by 371?
368
What is the remainder when 946743 is divided by 44?
39
What is the remainder when 8408 is divided by 1294?
644
What is the remainder when 956 is divided by 6?
2
What is the remainder when 13738 is divided by 6835?
68
Calculate the remainder when 690054 is divided by 310.
304
Calculate the remainder when 1406357 is divided by 207.
206
What is the remainder when 7419 is divided by 47?
40
Calculate the remainder when 3814 is divided by 491.
377
Calculate the remainder when 73501 is divided by 14607.
466
What is the remainder when 23371 is divided by 113?
93
Calculate the remainder when 862 is divided by 33.
4
What is the remainder when 27251 is divided by 780?
731
Calculate the remainder when 852449 is divided by 299.
0
Calculate the remainder when 16276 is divided by 904.
4
What is the remainder when 10054 is divided by 5012?
30
What is the remainder when 121720 is divided by 249?
208
What is the remainder when 3617 is divided by 139?
3
Calculate the remainder when 4534437 is divided by 58.
55
Calculate the remainder when 530 is divided by 163.
41
What is the remainder when 1486 is divided by 731?
24
Calculate the remainder when 3731 is divided by 1234.
29
What is the remainder when 991 is divided by 221?
107
What is the remainder when 42122 is divided by 135?
2
What is the remainder when 199116 is divided by 153?
63
Calculate the remainder when 1535 is divided by 146.
75
What is the remainder when 1569 is divided by 188?
65
Calculate the remainder when 2079366 is divided by 1546.
1542
Calculate the remainder when 10518 is divided by 12.
6
Calculate the remainder when 4839 is divided by 29.
25
What is the remainder when 209610 is divided by 68?
34
Calculate the remainder when 11321 is divided by 11284.
37
What is the remainder when 2517 is divided by 1225?
67
What is the remainder when 979119 is divided by 18?
9
What is the remainder when 82076 is divided by 228?
224
What is the remainder when 7067 is divided by 57?
56
What is the remainder when 6665 is divided by 6654?
11
What is the remainder when 92687 is divided by 403?
400
What is the remainder when 1040 is divided by 55?
50
Calculate the remainder when 93636 is divided by 8511.
15
What is the remainder when 5203 is divided by 72?
19
Calculate the remainder when 27862 is divided by 135.
52
Calculate the remainder when 4762289 is divided by 26.
25
Calculate the remainder when 7894 is divided by 2572.
178
What is the remainder when 602298 is divided by 69?
66
What is the remainder when 257904 is divided by 5?
4
Calculate the remainder when 43687 is divided by 21822.
43
What is the remainder when 8836 is divided by 13?
9
Calculate the remainder when 6348 is divided by 141.
3
Calculate the remainder when 789 is divided by 21.
12
What is the remainder when 473008 is divided by 601?
21
Calculate the remainder when 11814 is divided by 1072.
22
What is the remainder when 77350 is divided by 81?
76
What is the remainder when 82960 is divided by 41476?
8
Calculate the remainder when 81749 is divided by 357.
353
Calculate the remainder when 407621 is divided by 58.
55
Calculate the remainder when 22547 is divided by 25.
22
What is the remainder when 20513 is divided by 5125?
13
Calculate the remainder when 51469 is divided by 355.
349
What is the remainder when 26719 is divided by 405?
394
What is the remainder when 18179 is divided by 3630?
29
Calculate the remainder when 24597 is divided by 8189.
30
What is the remainder when 68930 is divided by 22936?
122
What is the remainder when 89338 is divided by 805?
788
Calculate the remainder when 713 is divided by 335.
43
Calculate the remainder when 24948 is divided by 424.
356
What is the remainder when 3095 is divided by 20?
15
Calculate the remainder when 210073 is divided by 13129.
9
What is the remainder when 34102 is divided by 241?
121
What is the remainder when 4062 is divided by 112?
30
Calculate the remainder when 3447 is divided by 231.
213
Calculate the remainder when 7400 is divided by 200.
0
What is the remainder when 17550 is divided by 2883?
252
What is the remainder when 19732 is divided by 140?
132
What is the remainder when 82151 is divided by 632?
623
Calculate the remainder when 10741 is divided by 136.
133
What is the remainder when 312640 is divided by 168?
160
What is the remainder when 324512 is divided by 12?
8
Calculate the remainder when 139798 is divided by 14.
8
Calculate the remainder when 89239 is divided by 1275.
1264
What is the remainder when 1173 is divided by 1076?
97
Calculate the remainder when 6860 is divided by 143.
139
Calculate the remainder when 1217 is divided by 1136.
81
Calculate the remainder when 167018 is divided by 428.
98
What is the remainder when 9057 is divided by 205?
37
What is the remainder when 16145 is divided by 4032?
17
What is the remainder when 26364 is divided by 60?
24
What is the remainder when 126252 is divided by 95?
92
Calculate the remainder when 65647 is divided by 25.
22
Calculate the remainder when 27467 is divided by 490.
27
Calculate the remainder when 612039 is divided by 1229.
1226
What is the remainder when 118903 is divided by 17?
5
Calculate the remainder when 107578 is divided by 26889.
22
Calculate the remainder when 278477 is divided by 138.
131
Calculate the remainder when 6432 is divided by 62.
46
What is the remainder when 183568 is divided by 6118?
28
What is the remainder when 49491 is divided by 15?
6
What is the remainder when 30771 is divided by 328?
267
What is the remainder when 192533 is divided by 3929?
12
What is the remainder when 23938 is divided by 149?
98
Calculate the remainder when 3433 is divided by 287.
276
Calculate the remainder when 147414 is divided by 234.
228
Calculate the remainder when 75838 is divided by 25277.
7
Calculate the remainder when 516910 is divided by 356.
354
What is the remainder when 626 is divided by 391?
235
What is the remainder when 52876 is divided by 6605?
36
Calculate the remainder when 2165 is divided by 1021.
123
Calculate the remainder when 203227 is divided by 23.
22
What is the remainder when 1717 is divided by 843?
31
Calculate the remainder when 5240 is divided by 77.
4
Calculate the remainder when 38763 is divided by 255.
3
What is the remainder when 1233 is divided by 182?
141
Calculate the remainder when 8433 is divided by 5904.
2529
What is the remainder when 23817 is divided by 356?
321
What is the remainder when 1411439 is divided by 120?
119
What is the remainder when 237037 is divided by 5387?
9
What is the remainder when 13492 is divided by 130?
102
Calculate the remainder when 1377576 is divided by 1377561.
15
What is the remainder when 385091 is divided by 970?
1
Calculate the remainder when 21050 is divided by 10523.
4
What is the remainder when 294189 is divided by 113?
50
Calculate the remainder when 97192 is d